 + 1031 = 5*o. Is o a composite number?
True
Suppose -285*g + 290*g - 145172 = 3*n, 4*n = 5*g - 145171. Is g a composite number?
True
Let r = 2382 + -403. Is r composite?
False
Let o(y) be the third derivative of y**5/60 - y**4/2 + 11*y**3/3 + 5*y**2. Let f be o(10). Suppose 595 = f*b + 173. Is b a prime number?
True
Let b be -1200 - -1*(-12)/4. Let a = 2093 + b. Suppose n = -5*y + a, -3*n = 2*n. Is y a composite number?
True
Suppose 0 = 137*r + 400 - 76 + 635. Let j(x) = 1450*x - 176. Let v(i) = 290*i - 35. Let g(h) = 2*j(h) - 11*v(h). Is g(r) a composite number?
False
Suppose 70628 + 292053 = 11*r. Is r composite?
False
Let u(t) = -86690*t**3 - 6*t**2 - 8*t - 3. Is u(-1) a composite number?
False
Suppose -2*n + 7*n - 85 = 0. Let a(y) = 6*y**2 - 17 - 6 - n - 8*y + 7. Is a(13) prime?
True
Let o be (-15)/10*(-584)/(-6). Let c = o + 559. Is c a composite number?
True
Is ((-1)/2)/(638749956/(-16809208) - -38) composite?
False
Suppose 4*a - 386328 = 4*z, -32*a + z = -29*a - 289744. Is a a composite number?
False
Is ((-10)/8)/((-89)/42053212) prime?
False
Let k = -25 - -21. Is 3/(k - 5035/(-1255)) prime?
True
Suppose -15634833 - 30252496 + 5064369 = -80*x. Is x prime?
True
Let g = -101 + 101. Suppose -19*u - 17980 + 182007 = g. Is u a composite number?
True
Let m(j) = j + 1. Let d be m(1). Let l(p) be the third derivative of 9*p**5/20 - p**4/6 + p**3 + p**2 + 54*p. Is l(d) composite?
True
Let c = -187328 - -441055. Is c a composite number?
True
Let v(z) = 2*z**3 - 8*z**2 + 21*z - 22. Let t be v(11). Let w = t - 144. Is w composite?
False
Suppose -13*t + t = 72. Let g(a) = -a**2 - 6*a + 8. Let c be g(t). Suppose c*b = 888 + 1136. Is b a composite number?
True
Let l(b) = -4*b - 12. Let h be (4 + 0)/(4/10). Let n be l(h). Is (-29)/6*n + (-4)/12 prime?
True
Let y be 48*(-1 - (-693)/27). Suppose -21885 + y = -m. Is m a composite number?
True
Let s(b) = 46*b + 16. Let j be s(-2). Let t be j + 1*(-4 + 2). Let c = 509 - t. Is c a prime number?
True
Let l be (-26)/(-8) + 81/108. Suppose 3*h - 4*v + 42 = l*h, 5*h + 3*v - 142 = 0. Suppose h*y + 20204 = 30*y. Is y prime?
True
Let n(d) = 4339*d**2 - 375*d + 7. Is n(-6) a prime number?
False
Let m(r) = 5*r**2 + 9*r - 5. Let i(c) = 4*c**2 + 9*c - 6. Let u(d) = 4*i(d) - 3*m(d). Suppose 4*g - 2*g = 16. Is u(g) a prime number?
True
Let r(j) be the third derivative of 0*j + 0 - 7/4*j**4 - 35/6*j**3 + 20*j**2. Is r(-13) a composite number?
True
Is (-10)/90*755817*(-4 + 1) a composite number?
False
Suppose -5*o - 5*o = 269810. Let d = o + 51420. Is d prime?
True
Suppose 4*h + 14255 = i, -10*i - 3*h - 14251 = -11*i. Is i prime?
False
Let m(t) be the second derivative of -14*t - 7*t**2 + 0 + 1973/6*t**3. Is m(3) composite?
True
Suppose -22 = -4*l + 3*t, 6 = 3*t - 6*t. Suppose l*k = -q + 191, 0*q - q = 3*k - 196. Is q a prime number?
True
Let a(r) = -310*r - 3. Let y(q) = 19*q - 129. Let c be y(6). Is a(c) a prime number?
False
Let o = 14149 - -53874. Is o a prime number?
True
Let q = -11 + -176. Let u = 1480 + q. Suppose d - 2*l = 6*d - u, 0 = -4*d + 5*l + 1008. Is d composite?
False
Suppose -5*k = -0*r - 5*r + 20, 5 = -5*k. Suppose -26*q = -22*q. Suppose 6*l - l - r*f - 1027 = q, 4*l - 832 = 5*f. Is l prime?
False
Is (-607197 + -19)/(-16)*(3 + -2) a prime number?
True
Let w = 101564 - -6371. Is w composite?
True
Let c be (-33)/(-5) - 3*(-4)/30. Suppose 0*n - c*n + 7644 = 0. Suppose 3*i - 4*i + 4*o + 1087 = 0, -i + n = -5*o. Is i a prime number?
False
Suppose -215*b + 24695652 = 61*b. Is b a prime number?
True
Suppose 103*v + 14191 - 38381 = 308*v. Let w be (-2)/6 + (-3584)/(-6). Let q = v + w. Is q a composite number?
False
Let a be -5 + 1*(1 + 6). Suppose -m - 22468 = -4*u, 4*u - a*m - 33215 = -10751. Suppose -3*d + s = -d - u, 8417 = 3*d + s. Is d a prime number?
False
Let k be (9/(-12))/(2/(-168)). Let g(j) = k*j - 7 + 0 + 18. Is g(4) a composite number?
False
Let c be ((-4)/(-3))/(-2) + (-2)/6. Let x(y) = -7*y**3 - 5*y - 5. Let g be x(c). Let i(h) = 28*h**2 - 7*h - 4. Is i(g) composite?
False
Suppose -410*q - 127351 = -3*s - 415*q, 0 = 5*s + 5*q - 212235. Is s a composite number?
True
Is 0 - (-27)/(324/558696) a prime number?
False
Let m = -8252 - -1277. Let t = -3380 - m. Is t prime?
False
Let k(o) = -6*o - 8. Let l be k(-4). Let n = l + -17. Is ((-356)/16)/n*4 a composite number?
False
Let l(h) = -74356*h + 4833. Is l(-8) a prime number?
True
Let h be 916/(-6)*(-216)/48. Suppose 3*r - 4*l = -4828, -r - 4*l - h = 949. Let g = -399 - r. Is g a composite number?
False
Let z be 0 - (-12 + 0) - -3. Let h be 3209 + 10/(z/3). Suppose c = 3*x - 3236, -3*x + c + h = 5*c. Is x prime?
False
Suppose 13*s - 72 = 10*s. Suppose 8*j - s = 2*j. Suppose -4*r = -j, 2*h - 89 = r + 2*r. Is h composite?
True
Let i = -14052 - -57791. Is i a composite number?
True
Let x = 40198 - 38375. Is x a prime number?
True
Suppose 300*s - 13801698 = 264*s + 2517786. Is s prime?
False
Let h(l) = -l**3 - 4*l**2 + l - 4. Let c(w) = w**2. Let f(g) = 5*c(g) + h(g). Suppose 90 = -10*i - 8*i. Is f(i) a prime number?
False
Let l(k) = 4*k**2 + 46*k + 82. Let r be l(-2). Let p = -1 - -10. Suppose -p*a = -r*a - 363. Is a a prime number?
False
Let g be 126/(-28)*(-10)/(-15). Let z(i) = -266*i**3 + 7*i**2 - 2*i - 34. Is z(g) a composite number?
True
Suppose -10727992 = -28*f - 60*f. Is f composite?
False
Suppose -2*i + 0*i + 10 = 0. Suppose i*y - 165 = -2*o + 4241, 0 = -2*o + 5*y + 4406. Is o a composite number?
False
Let n be 6 + -9 + (-3)/(-6)*14. Suppose 2*g = -n*g + 30. Suppose -2096 = -g*c + 3*w + 7534, -c + 1928 = -w. Is c a composite number?
True
Suppose k = -192*w + 195*w - 58156, 5*k = -5. Is w prime?
False
Let h(x) = 277*x**2 - 37*x - 43. Is h(10) a composite number?
True
Let a(j) = 17 + 8 + 2 + 5*j**2 - 19 - 12*j + 35. Is a(-30) a composite number?
False
Suppose -31561864 = -175*y + 18036931 - 12789120. Is y prime?
False
Let l(p) = 25531*p**2 + 260*p - 523. Is l(2) composite?
False
Suppose 3*t - 58113 = -3*v, 235*v + 19369 = 236*v + 2*t. Is v composite?
False
Let g(u) be the third derivative of u**5/4 - 5*u**4/4 + 70*u**3/3 + 32*u**2 - 3. Is g(27) a prime number?
False
Let g = -352578 - -592255. Is g composite?
True
Let o(v) = 2*v**3 - 112*v**2 + 7*v - 2248. Is o(77) a prime number?
True
Is 29128/(-12)*(24/(-16) + 0) prime?
False
Suppose 2*y + 15806 = -y - 5*z, 2*y = -3*z - 10539. Let o = y - -13778. Is o composite?
False
Let g(t) = 5*t**2 + 71*t + 77. Let n be g(-15). Let u be (122/1)/(1/1). Suppose -u = -l + n. Is l a composite number?
True
Is 9 + 1 - -4734*(-2290)/(-20) prime?
True
Suppose 2*r - 14269 + 5233 = 0. Let f = -2678 + r. Is (-19)/57 + f/3 composite?
False
Let u be (2*((-2)/4 + 0))/(-1). Is 3 + 68/(-6)*(u - 196) composite?
False
Is (((-45911128)/6)/46)/((-2)/3) a composite number?
False
Let q(y) = -y**3 + y**2 + 2*y + 4751. Suppose -p = -2*p + 4*p. Is q(p) a composite number?
False
Let o(u) = 132*u**2 - 20*u + 86. Is o(-34) composite?
True
Suppose -1 = -13*m + 51. Is (28581/(-9))/(m*3/(-36)) prime?
False
Let h(f) = 6*f**2 - 24*f - 265. Is h(42) composite?
False
Suppose j - 1538 = 2505. Let w = j - 282. Is w a composite number?
False
Suppose 0 = -94*f + 589*f - 30277065 - 17878020. Is f composite?
False
Let s(b) = 27*b**2 + 5*b - 4. Let i be s(1). Suppose -27*k + i*k + 24 = 0. Is (3158/6)/((-8)/k) a prime number?
True
Let u = 199 - 74. Suppose u*h = 120*h + 2395. Is h a composite number?
False
Let f be ((-3)/9)/((-13)/(-117)). Is (-57543)/(-2)*(f + (-55)/(-15)) a prime number?
True
Suppose -33*o + 6317246 = -7*o. Suppose -o = -26*v + 175603. Is v composite?
True
Let g(y) = -y**2 - 10*y - 9. Let w be g(-9). Suppose w*t = -t. Suppose t = -5*f - 4*n + 273, 105 = 3*f + n - 56. Is f a composite number?
False
Let c(p) = -p**3 + 19*p**2 - 12*p + 26. Let o(k) = k**3 - 18*k**2 + 13*k - 26. Let d(y) = -2*c(y) - 3*o(y). Let q be (-16)/6*36/(-8). Is d(q) a prime number?
False
Suppose -638*o - 208281 = -643*o - 4*u, 2*o - 83298 = 2*u. Is o a composite number?
True
Suppose 246 = -16*a - 25*a. Is 2*21363/a*-1 prime?
True
Suppose -4*u + 829 = 5*d, -5*u = -8*u + 5*d + 648. Let j = u + -128. Is j a prime number?
True
Is 998282 + 46/10 + 21/(-35) + 1 composite?
False
Suppose 0 = 28*v - 33*v + 15. Suppose 0 = -k - 4*w - 9, w + 27 = 4*k - 4*w. Suppose g 